{"id":6753,"date":"2017-02-23T16:16:50","date_gmt":"2017-02-23T16:16:50","guid":{"rendered":"https:\/\/www.bmbcap.es\/funds-and-wallets\/ova\/portfolio-value-added\/"},"modified":"2017-05-22T11:29:31","modified_gmt":"2017-05-22T11:29:31","slug":"portfolio-value-added","status":"publish","type":"page","link":"https:\/\/www.bmbcap.es\/en\/funds-and-wallets\/ova\/portfolio-value-added\/","title":{"rendered":"Portfolio"},"content":{"rendered":"<p>[vc_row top=&#8221;120px&#8221; bottom=&#8221;40px&#8221; content_fadeout=&#8221;content-fadeout&#8221; bg_type=&#8221;image&#8221; bg_cover=&#8221;cover&#8221; bg_repeat=&#8221;no-repeat&#8221; bg_position=&#8221;&#8221; overlay_pattern=&#8221;sm_cell_b&#8221; overlay_pattern_op=&#8221;0.1&#8243; bg_color=&#8221;#3e4058&#8243; bg_image=&#8221;6084&#8243;][vc_column][vc_heading h_size=&#8221;h-extralarge&#8221; title=&#8221;OPTIMUM III VALUE ADDED&#8221; title_color=&#8221;#ffffff&#8221; subtitle=&#8221;PORTFOLIO&#8221; subtitle_color=&#8221;#ffffff&#8221; divider=&#8221;div-between&#8221; divider_type=&#8221;div-wide-thick&#8221; divider_color=&#8221;#30b9e6&#8243;][\/vc_column][\/vc_row][vc_row][vc_column textalign=&#8221;center&#8221;][vc_wp_custommenu nav_menu=&#8221;41&#8243; el_class=&#8221;menu-horiz&#8221;][\/vc_column][\/vc_row][vc_row top=&#8221;30px&#8221; bottom=&#8221;0px&#8221; equal_height=&#8221;content-fadeout&#8221; columns_placement=&#8221;top&#8221; content_placement=&#8221;top&#8221;][vc_column][vc_row_inner bottom=&#8221;30px&#8221;][vc_column_inner width=&#8221;1\/3&#8243;][vc_magic_image image=&#8221;6482&#8243; alignment=&#8221;center&#8221; img_link=&#8221;image_popup&#8221; zoom=&#8221;true&#8221; image_hover=&#8221;h_transparent&#8221; h_overlay=&#8221;overlay&#8221; overlay_color=&#8221;rgba(206,216,219,0.08)&#8221; img_size=&#8221;medium&#8221;][vc_empty_space][\/vc_column_inner][vc_column_inner width=&#8221;2\/3&#8243;][vc_heading h_size=&#8221;h-small&#8221; title=&#8221;Avda. DIAGONAL 343, Barcelona&#8221; subtitle=&#8221;adquirido el 11 de enero de 2017&#8243;][vc_column_text]El edificio se encuentra situado en la finca regia esquinera situada en la Avenida Diagonal 343, en pleno centro del barrio del Eixample. El inmueble cuenta con una superficie actual de 3.911 m<sup>2<\/sup> , y consta de cinco plantas divididas en 19 entidades. En el momento de la compra el grado de ocupaci\u00f3n es del 100%.[\/vc_column_text][\/vc_column_inner][\/vc_row_inner][vc_row_inner bottom=&#8221;30px&#8221;][vc_column_inner width=&#8221;1\/3&#8243;][vc_magic_image image=&#8221;6483&#8243; alignment=&#8221;center&#8221; img_link=&#8221;image_popup&#8221; zoom=&#8221;true&#8221; image_hover=&#8221;h_transparent&#8221; h_overlay=&#8221;overlay&#8221; overlay_color=&#8221;rgba(206,216,219,0.08)&#8221; img_size=&#8221;medium&#8221;][vc_empty_space][\/vc_column_inner][vc_column_inner width=&#8221;2\/3&#8243;][vc_heading h_size=&#8221;h-small&#8221; title=&#8221;c\/ BRUC 85, Barcelona &#8221; subtitle=&#8221;adquirido el 27 de enero de 2017&#8243;][vc_column_text]Edificio\u00a0en pleno centro del barrio del Eixample. Tiene una superficie de 1.347 m2 y\u00a0consta de 5 plantas con un total de 14 unidades.[\/vc_column_text][\/vc_column_inner][\/vc_row_inner][vc_row_inner bottom=&#8221;30px&#8221;][vc_column_inner width=&#8221;1\/3&#8243;][vc_magic_image image=&#8221;6481&#8243; alignment=&#8221;center&#8221; img_link=&#8221;image_popup&#8221; zoom=&#8221;true&#8221; image_hover=&#8221;h_transparent&#8221; h_overlay=&#8221;overlay&#8221; overlay_color=&#8221;rgba(206,216,219,0.08)&#8221; img_size=&#8221;medium&#8221;][vc_empty_space][\/vc_column_inner][vc_column_inner width=&#8221;2\/3&#8243;][vc_heading h_size=&#8221;h-small&#8221; title=&#8221;c\/ ARAGO 309, Barcelona &#8221; subtitle=&#8221;adquirido el 27 de enero de 2017&#8243;][vc_column_text]Edificio en pleno centro del barrio del Eixample. Tiene una superficie de 1.398 m2 y consta de 5 plantas divididas en 14 unidades.[\/vc_column_text][\/vc_column_inner][\/vc_row_inner][vc_row_inner bottom=&#8221;30px&#8221;][vc_column_inner width=&#8221;1\/3&#8243;][vc_magic_image image=&#8221;6484&#8243; alignment=&#8221;center&#8221; img_link=&#8221;image_popup&#8221; zoom=&#8221;true&#8221; image_hover=&#8221;h_transparent&#8221; h_overlay=&#8221;overlay&#8221; overlay_color=&#8221;rgba(206,216,219,0.08)&#8221; img_size=&#8221;medium&#8221;][vc_empty_space][\/vc_column_inner][vc_column_inner width=&#8221;2\/3&#8243;][vc_heading h_size=&#8221;h-small&#8221; title=&#8221;c\/ General Moscard\u00f3 7, Madrid&#8221; subtitle=&#8221;adquirido el 21 de febrero de 2017&#8243;][vc_column_text]Edificio construido en los a\u00f1os 70 que a fecha de hoy est\u00e1 dividido en 40 viviendas un local y varias plazas de aparcamiento y trasteros. El bloque de 6 plantas se ubica en el distrito de Tetu\u00e1n dentro del barrio de Cuatro Caminos, muy cerca de la zona de Azca y tiene una superficie construida de mas de 5.700 m2.[\/vc_column_text][\/vc_column_inner][\/vc_row_inner][vc_row_inner bottom=&#8221;30px&#8221;][vc_column_inner width=&#8221;1\/3&#8243;][vc_magic_image image=&#8221;6485&#8243; alignment=&#8221;center&#8221; img_link=&#8221;image_popup&#8221; zoom=&#8221;true&#8221; image_hover=&#8221;h_transparent&#8221; h_overlay=&#8221;overlay&#8221; overlay_color=&#8221;rgba(206,216,219,0.08)&#8221; img_size=&#8221;medium&#8221;][vc_empty_space][\/vc_column_inner][vc_column_inner width=&#8221;2\/3&#8243;][vc_heading h_size=&#8221;h-small&#8221; title=&#8221;Rambla Carmel 68, Barcelona&#8221; subtitle=&#8221;adquirido el 24 de febrero de 2017&#8243;][vc_column_text]Se trata de un edificio con 2 n\u00facleos de acceso, uno desde Rambla del Carmel y otro desde la calle Agudells muy cercanos a la entrada al T\u00fanel de la Rovira. El conjunto de los edificios construidos en los a\u00f1os 70 consta de 2.422 m2 distribuidos en planta baja\u00a0y 4 pisos adicionales. El edificio cuenta con 26 unidades residenciales y 5 locales comerciales.[\/vc_column_text][\/vc_column_inner][\/vc_row_inner][vc_row_inner bottom=&#8221;30px&#8221;][vc_column_inner width=&#8221;1\/3&#8243;][vc_magic_image image=&#8221;6558&#8243; alignment=&#8221;center&#8221; img_link=&#8221;image_popup&#8221; zoom=&#8221;true&#8221; image_hover=&#8221;h_transparent&#8221; h_overlay=&#8221;overlay&#8221; overlay_color=&#8221;rgba(206,216,219,0.08)&#8221; img_size=&#8221;medium&#8221;][vc_empty_space][\/vc_column_inner][vc_column_inner width=&#8221;2\/3&#8243;][vc_heading h_size=&#8221;h-small&#8221; title=&#8221;c\/ Juan de Garay 5, Barcelona&#8221; subtitle=&#8221;adquirido el 24 de febrero de 2017&#8243;][vc_column_text]Se trata de un edificio construido en 1994 que consta de 8 viviendas, 2 locales y dos trasteros distribuidos en una planta baja y 4 plantas con una superficie total construida de 1.056 m2.[\/vc_column_text][\/vc_column_inner][\/vc_row_inner][\/vc_column][\/vc_row]<\/p>\n","protected":false},"excerpt":{"rendered":"<p>[vc_row top=&#8221;120px&#8221; bottom=&#8221;40px&#8221; content_fadeout=&#8221;content-fadeout&#8221; bg_type=&#8221;image&#8221; bg_cover=&#8221;cover&#8221; bg_repeat=&#8221;no-repeat&#8221; bg_position=&#8221;&#8221; overlay_pattern=&#8221;sm_cell_b&#8221; overlay_pattern_op=&#8221;0.1&#8243; bg_color=&#8221;#3e4058&#8243; bg_image=&#8221;6084&#8243;][vc_column][vc_heading h_size=&#8221;h-extralarge&#8221; title=&#8221;OPTIMUM III VALUE ADDED&#8221; title_color=&#8221;#ffffff&#8221; subtitle=&#8221;PORTFOLIO&#8221; subtitle_color=&#8221;#ffffff&#8221; divider=&#8221;div-between&#8221; divider_type=&#8221;div-wide-thick&#8221; divider_color=&#8221;#30b9e6&#8243;][\/vc_column][\/vc_row][vc_row][vc_column textalign=&#8221;center&#8221;][vc_wp_custommenu nav_menu=&#8221;41&#8243; el_class=&#8221;menu-horiz&#8221;][\/vc_column][\/vc_row][vc_row top=&#8221;30px&#8221; bottom=&#8221;0px&#8221; equal_height=&#8221;content-fadeout&#8221; columns_placement=&#8221;top&#8221; content_placement=&#8221;top&#8221;][vc_column][vc_row_inner bottom=&#8221;30px&#8221;][vc_column_inner width=&#8221;1\/3&#8243;][vc_magic_image image=&#8221;6482&#8243; alignment=&#8221;center&#8221; img_link=&#8221;image_popup&#8221; zoom=&#8221;true&#8221; image_hover=&#8221;h_transparent&#8221; h_overlay=&#8221;overlay&#8221; overlay_color=&#8221;rgba(206,216,219,0.08)&#8221; img_size=&#8221;medium&#8221;][vc_empty_space][\/vc_column_inner][vc_column_inner width=&#8221;2\/3&#8243;][vc_heading h_size=&#8221;h-small&#8221; title=&#8221;Avda. DIAGONAL 343, Barcelona&#8221; subtitle=&#8221;adquirido el 11 de enero de 2017&#8243;][vc_column_text]El edificio se encuentra situado en la finca regia esquinera situada en la Avenida Diagonal 343, en pleno centro del barrio del&#8230;  <\/p>\n<div class=\"read-more\"><a class=\"excerpt-read-more\" href=\"https:\/\/www.bmbcap.es\/en\/funds-and-wallets\/ova\/portfolio-value-added\/\" title=\"Continue reading Portfolio\">Read more<i class=\"fa fa-angle-right\"><\/i><\/a><\/div>\n","protected":false},"author":1,"featured_media":0,"parent":6668,"menu_order":0,"comment_status":"closed","ping_status":"closed","template":"page-full-width.php","meta":{"footnotes":""},"class_list":["post-6753","page","type-page","status-publish","hentry"],"_links":{"self":[{"href":"https:\/\/www.bmbcap.es\/en\/wp-json\/wp\/v2\/pages\/6753","targetHints":{"allow":["GET"]}}],"collection":[{"href":"https:\/\/www.bmbcap.es\/en\/wp-json\/wp\/v2\/pages"}],"about":[{"href":"https:\/\/www.bmbcap.es\/en\/wp-json\/wp\/v2\/types\/page"}],"author":[{"embeddable":true,"href":"https:\/\/www.bmbcap.es\/en\/wp-json\/wp\/v2\/users\/1"}],"replies":[{"embeddable":true,"href":"https:\/\/www.bmbcap.es\/en\/wp-json\/wp\/v2\/comments?post=6753"}],"version-history":[{"count":3,"href":"https:\/\/www.bmbcap.es\/en\/wp-json\/wp\/v2\/pages\/6753\/revisions"}],"predecessor-version":[{"id":6893,"href":"https:\/\/www.bmbcap.es\/en\/wp-json\/wp\/v2\/pages\/6753\/revisions\/6893"}],"up":[{"embeddable":true,"href":"https:\/\/www.bmbcap.es\/en\/wp-json\/wp\/v2\/pages\/6668"}],"wp:attachment":[{"href":"https:\/\/www.bmbcap.es\/en\/wp-json\/wp\/v2\/media?parent=6753"}],"curies":[{"name":"wp","href":"https:\/\/api.w.org\/{rel}","templated":true}]}}

<p>[vc_row top=&#8221;120px&#8221; bottom=&#8221;40px&#8221; content_fadeout=&#8221;content-fadeout&#8221; bg_type=&#8221;image&#8221; bg_cover=&#8221;cover&#8221; bg_repeat=&#8221;no-repeat&#8221; bg_position=&#8221;&#8221; overlay_pattern=&#8221;sm_cell_b&#8221; overlay_pattern_op=&#8221;0.1&#8243; bg_color=&#8221;#3e4058&#8243; bg_image=&#8221;6084&#8243;][vc_column][vc_heading h_size=&#8221;h-extralarge&#8221; title=&#8221;OPTIMUM III VALUE ADDED&#8221; title_color=&#8221;#ffffff&#8221; subtitle=&#8221;PORTFOLIO&#8221; subtitle_color=&#8221;#ffffff&#8221; divider=&#8221;div-between&#8221; divider_type=&#8221;div-wide-thick&#8221; divider_color=&#8221;#30b9e6&#8243;][/vc_column][/vc_row][vc_row][vc_column textalign=&#8221;center&#8221;][vc_wp_custommenu nav_menu=&#8221;41&#8243; el_class=&#8221;menu-horiz&#8221;][/vc_column][/vc_row][vc_row top=&#8221;30px&#8221; bottom=&#8221;0px&#8221; equal_height=&#8221;content-fadeout&#8221; columns_placement=&#8221;top&#8221; content_placement=&#8221;top&#8221;][vc_column][vc_row_inner bottom=&#8221;30px&#8221;][vc_column_inner width=&#8221;1/3&#8243;][vc_magic_image image=&#8221;6482&#8243; alignment=&#8221;center&#8221; img_link=&#8221;image_popup&#8221; zoom=&#8221;true&#8221; image_hover=&#8221;h_transparent&#8221; h_overlay=&#8221;overlay&#8221; overlay_color=&#8221;rgba(206,216,219,0.08)&#8221; img_size=&#8221;medium&#8221;][vc_empty_space][/vc_column_inner][vc_column_inner width=&#8221;2/3&#8243;][vc_heading h_size=&#8221;h-small&#8221; title=&#8221;Avda. DIAGONAL 343, Barcelona&#8221; subtitle=&#8221;adquirido el 11 de enero de 2017&#8243;][vc_column_text]El edificio se encuentra situado en la finca regia esquinera situada en la Avenida Diagonal 343, en pleno centro del barrio del Eixample. El inmueble cuenta con una superficie actual de 3.911 m<sup>2</sup> , y consta de cinco plantas divididas en 19 entidades. En el momento de la compra el grado de ocupación es del 100%.[/vc_column_text][/vc_column_inner][/vc_row_inner][vc_row_inner bottom=&#8221;30px&#8221;][vc_column_inner width=&#8221;1/3&#8243;][vc_magic_image image=&#8221;6483&#8243; alignment=&#8221;center&#8221; img_link=&#8221;image_popup&#8221; zoom=&#8221;true&#8221; image_hover=&#8221;h_transparent&#8221; h_overlay=&#8221;overlay&#8221; overlay_color=&#8221;rgba(206,216,219,0.08)&#8221; img_size=&#8221;medium&#8221;][vc_empty_space][/vc_column_inner][vc_column_inner width=&#8221;2/3&#8243;][vc_heading h_size=&#8221;h-small&#8221; title=&#8221;c/ BRUC 85, Barcelona &#8221; subtitle=&#8221;adquirido el 27 de enero de 2017&#8243;][vc_column_text]Edificio en pleno centro del barrio del Eixample. Tiene una superficie de 1.347 m2 y consta de 5 plantas con un total de 14 unidades.[/vc_column_text][/vc_column_inner][/vc_row_inner][vc_row_inner bottom=&#8221;30px&#8221;][vc_column_inner width=&#8221;1/3&#8243;][vc_magic_image image=&#8221;6481&#8243; alignment=&#8221;center&#8221; img_link=&#8221;image_popup&#8221; zoom=&#8221;true&#8221; image_hover=&#8221;h_transparent&#8221; h_overlay=&#8221;overlay&#8221; overlay_color=&#8221;rgba(206,216,219,0.08)&#8221; img_size=&#8221;medium&#8221;][vc_empty_space][/vc_column_inner][vc_column_inner width=&#8221;2/3&#8243;][vc_heading h_size=&#8221;h-small&#8221; title=&#8221;c/ ARAGO 309, Barcelona &#8221; subtitle=&#8221;adquirido el 27 de enero de 2017&#8243;][vc_column_text]Edificio en pleno centro del barrio del Eixample. Tiene una superficie de 1.398 m2 y consta de 5 plantas divididas en 14 unidades.[/vc_column_text][/vc_column_inner][/vc_row_inner][vc_row_inner bottom=&#8221;30px&#8221;][vc_column_inner width=&#8221;1/3&#8243;][vc_magic_image image=&#8221;6484&#8243; alignment=&#8221;center&#8221; img_link=&#8221;image_popup&#8221; zoom=&#8221;true&#8221; image_hover=&#8221;h_transparent&#8221; h_overlay=&#8221;overlay&#8221; overlay_color=&#8221;rgba(206,216,219,0.08)&#8221; img_size=&#8221;medium&#8221;][vc_empty_space][/vc_column_inner][vc_column_inner width=&#8221;2/3&#8243;][vc_heading h_size=&#8221;h-small&#8221; title=&#8221;c/ General Moscardó 7, Madrid&#8221; subtitle=&#8221;adquirido el 21 de febrero de 2017&#8243;][vc_column_text]Edificio construido en los años 70 que a fecha de hoy está dividido en 40 viviendas un local y varias plazas de aparcamiento y trasteros. El bloque de 6 plantas se ubica en el distrito de Tetuán dentro del barrio de Cuatro Caminos, muy cerca de la zona de Azca y tiene una superficie construida de mas de 5.700 m2.[/vc_column_text][/vc_column_inner][/vc_row_inner][vc_row_inner bottom=&#8221;30px&#8221;][vc_column_inner width=&#8221;1/3&#8243;][vc_magic_image image=&#8221;6485&#8243; alignment=&#8221;center&#8221; img_link=&#8221;image_popup&#8221; zoom=&#8221;true&#8221; image_hover=&#8221;h_transparent&#8221; h_overlay=&#8221;overlay&#8221; overlay_color=&#8221;rgba(206,216,219,0.08)&#8221; img_size=&#8221;medium&#8221;][vc_empty_space][/vc_column_inner][vc_column_inner width=&#8221;2/3&#8243;][vc_heading h_size=&#8221;h-small&#8221; title=&#8221;Rambla Carmel 68, Barcelona&#8221; subtitle=&#8221;adquirido el 24 de febrero de 2017&#8243;][vc_column_text]Se trata de un edificio con 2 núcleos de acceso, uno desde Rambla del Carmel y otro desde la calle Agudells muy cercanos a la entrada al Túnel de la Rovira. El conjunto de los edificios construidos en los años 70 consta de 2.422 m2 distribuidos en planta baja y 4 pisos adicionales. El edificio cuenta con 26 unidades residenciales y 5 locales comerciales.[/vc_column_text][/vc_column_inner][/vc_row_inner][vc_row_inner bottom=&#8221;30px&#8221;][vc_column_inner width=&#8221;1/3&#8243;][vc_magic_image image=&#8221;6558&#8243; alignment=&#8221;center&#8221; img_link=&#8221;image_popup&#8221; zoom=&#8221;true&#8221; image_hover=&#8221;h_transparent&#8221; h_overlay=&#8221;overlay&#8221; overlay_color=&#8221;rgba(206,216,219,0.08)&#8221; img_size=&#8221;medium&#8221;][vc_empty_space][/vc_column_inner][vc_column_inner width=&#8221;2/3&#8243;][vc_heading h_size=&#8221;h-small&#8221; title=&#8221;c/ Juan de Garay 5, Barcelona&#8221; subtitle=&#8221;adquirido el 24 de febrero de 2017&#8243;][vc_column_text]Se trata de un edificio construido en 1994 que consta de 8 viviendas, 2 locales y dos trasteros distribuidos en una planta baja y 4 plantas con una superficie total construida de 1.056 m2.[/vc_column_text][/vc_column_inner][/vc_row_inner][/vc_column][/vc_row]</p>
